on divisor of 680 and 458864.
136
Calculate the greatest common divisor of 6501 and 48462.
591
What is the greatest common divisor of 19822 and 4114?
374
Calculate the highest common divisor of 4929 and 62.
31
What is the highest common divisor of 429180 and 1081?
23
Calculate the greatest common factor of 89385 and 909.
303
What is the highest common divisor of 15 and 104235?
15
What is the greatest common factor of 516 and 10449?
129
What is the highest common factor of 35336 and 251138?
1262
What is the greatest common factor of 73 and 29?
1
What is the greatest common divisor of 4838581 and 671?
671
What is the greatest common factor of 42 and 126462?
42
Calculate the greatest common factor of 44 and 2833501.
11
Calculate the highest common divisor of 72730 and 8540.
70
Calculate the highest common factor of 3225 and 9225.
75
Calculate the greatest common divisor of 249 and 469531.
83
Calculate the greatest common factor of 11 and 845834.
11
Calculate the highest common factor of 141915 and 15.
15
What is the highest common factor of 855724 and 536?
268
Calculate the greatest common factor of 770 and 2240.
70
What is the highest common factor of 176 and 192104?
88
What is the highest common factor of 152 and 57?
19
Calculate the greatest common factor of 19 and 152019.
19
What is the greatest common divisor of 6732 and 340?
68
Calculate the highest common factor of 3212 and 12994.
146
Calculate the highest common factor of 3367 and 7293.
13
What is the highest common factor of 359670 and 30?
30
What is the highest common factor of 936330 and 60?
30
What is the greatest common divisor of 31549 and 7?
7
Calculate the greatest common divisor of 378461 and 475.
19
What is the greatest common factor of 11 and 6743?
11
Calculate the highest common divisor of 1017 and 106107.
339
What is the greatest common factor of 983677 and 97?
97
Calculate the greatest common factor of 70 and 126680.
10
What is the greatest common factor of 211519 and 2706?
451
Calculate the highest common divisor of 199128 and 192.
24
Calculate the greatest common divisor of 53846 and 57.
19
Calculate the highest common divisor of 324 and 70146.
162
What is the highest common divisor of 1495 and 262821?
299
Calculate the greatest common divisor of 15366 and 5304.
78
Calculate the highest common factor of 149172 and 93.
93
Calculate the greatest common factor of 2058 and 276.
6
What is the greatest common factor of 1258 and 295334?
74
What is the highest common factor of 447 and 105?
3
What is the highest common divisor of 5577 and 231?
33
What is the greatest common factor of 8927 and 108625?
79
Calculate the greatest common divisor of 8372 and 736.
92
Calculate the highest common divisor of 791 and 21809.
113
Calculate the highest common factor of 1544 and 266726.
386
What is the greatest common divisor of 882 and 47698?
14
What is the highest common factor of 3456 and 182304?
864
Calculate the highest common divisor of 365 and 90228.
73
What is the greatest common divisor of 608007 and 6613?
389
What is the greatest common factor of 107645 and 5?
5
What is the highest common factor of 356 and 1652?
4
Calculate the greatest common divisor of 15745 and 105525.
335
Calculate the highest common divisor of 1830277 and 29.
29
What is the highest common factor of 7852 and 208?
52
Calculate the greatest common factor of 259 and 994819.
259
What is the highest common divisor of 56 and 30443?
7
Calculate the highest common factor of 184 and 20352.
8
Calculate the highest common factor of 33 and 138941.
11
What is the highest common factor of 134 and 20435?
67
What is the greatest common divisor of 180 and 44140?
20
What is the greatest common divisor of 1748 and 38?
38
Calculate the greatest common divisor of 4465 and 11745.
5
What is the greatest common factor of 579 and 5774367?
579
Calculate the greatest common divisor of 105765 and 615.
15
Calculate the greatest common factor of 273 and 28.
7
Calculate the greatest common divisor of 680 and 105740.
340
Calculate the highest common divisor of 36 and 3567978.
18
Calculate the greatest common divisor of 84 and 37212.
84
Calculate the greatest common factor of 3444 and 42.
42
Calculate the greatest common divisor of 1350 and 224586.
54
What is the greatest common divisor of 6731127 and 1143?
1143
Calculate the greatest common divisor of 2195 and 933314.
439
Calculate the greatest common factor of 70662 and 84.
6
What is the greatest common divisor of 1519 and 5177?
31
What is the highest common divisor of 90200 and 176?
88
Calculate the highest common factor of 10642 and 17306.
34
Calculate the greatest common factor of 586126 and 34.
34
What is the highest common divisor of 1926 and 828?
18
Calculate the highest common divisor of 195577 and 257.
257
Calculate the highest common factor of 240 and 7140.
60
What is the greatest common divisor of 53132 and 3949?
359
What is the greatest common factor of 2305 and 176102?
461
What is the highest common divisor of 33066 and 26466?
66
Calculate the greatest common factor of 940 and 94423.
47
What is the greatest common factor of 7242 and 575242?
142
What is the greatest common divisor of 13392 and 1404?
108
What is the greatest common factor of 27 and 106461?
27
What is the greatest common divisor of 1272 and 92644?
212
Calculate the greatest common divisor of 38 and 264062.
38
What is the greatest common factor of 808 and 175942?
202
Calculate the greatest common divisor of 1665 and 17242.
37
What is the highest common divisor of 12521 and 30973?
659
What is the greatest common divisor of 9 and 1620306?
9
Calculate the greatest common divisor of 316 and 42502.
158
Calculate the highest common divisor of 1001 and 3367.
91
What is the greatest common divisor of 101335 and 65?
65
What is the greatest common factor of 123 and 384?
3
What is the highest common factor of 650964 and 612?
204
Calculate the highest common factor of 732773 and 95.
19
Calculate the greatest common divisor of 5665030 and 350.
70
Calculate the highest common divisor of 51 and 2661554.
17
What is the highest common factor of 1400 and 196350?
350
What is the highest common factor of 24 and 1350072?
24
Calculate the highest common divisor of 538724 and 8.
4
Calculate the greatest common factor of 1761215 and 3260.
815
Calculate the highest common factor of 90 and 1910.
10
What is the highest common factor of 4389 and 87837?
57
Calculate the highest common factor of 954465 and 1938.
969
What is the highest common factor of 30604 and 140?
28
Calculate the highest common factor of 1541 and 60835.
23
Calculate the greatest common factor of 4563 and 144.
9
What is the highest common divisor of 2549590 and 80?
10
What is the highest common factor of 15230 and 380?
10
What is the greatest common factor of 6570 and 5884530?
2190
What is the greatest common divisor of 42 and 90468?
42
Calculate the greatest common factor of 92 and 7130.
46
What is the highest common divisor of 1328 and 437078?
166
What is the highest common factor of 1719 and 53?
1
Calculate the greatest common divisor of 3068 and 53336.
236
What is the greatest common factor of 475 and 159325?
25
Calculate the greatest common factor of 6669 and 38.
19
Calculate the highest common factor of 16236 and 4756.
164
What is the greatest common factor of 1065 and 1938655?
355
What is the greatest common divisor of 12 and 458592?
12
What is the highest common divisor of 137129 and 8917?
241
What is the highest common divisor of 241144 and 2064?
344
What is the highest common divisor of 2534660 and 160?
20
Calculate the highest common factor of 108 and 1547154.
54
Calculate the highest common factor of 968 and 2497.
11
Calculate the greatest common divisor of 374 and 38.
2
Calculate the highest common divisor of 52800 and 325.
25
What is the greatest common factor of 512 and 537056?
32
What is the highest common factor of 758490 and 24?
6
Calculate the highest common divisor of 533 and 3.
1
What is the highest common divisor of 222585 and 15?
15
What is the greatest common factor of 366643 and 38?
19
What is the highest common divisor of 93 and 346053?
93
What is the highest common divisor of 468 and 27732?
12
Calculate the greatest common factor of 4670 and 3837806